ime factors of p(d)?
3, 17
Let x(f) = f**3 + 4*f**2 - 5*f + 3. Let r be x(-5). Suppose r*v = -v. Suppose 4*u + 2*g - 142 = 0, v = -2*u - 3*g + 42 + 35. What are the prime factors of u?
2, 17
Let z(u) = -u**3 + 5*u**2 - 9*u + 5. Let n be z(3). Let d(o) = 3*o**2 - 5*o + 11. What are the prime factors of d(n)?
79
Let a(v) = -v**2 - 5*v + 4. Let r be a(-6). Let x be (-1)/r*(-9 - -3). List the prime factors of x/(9/(-30)) + -1.
3
Suppose -4*v + 5*f - 65 = -v, 97 = -5*v - 3*f. What are the prime factors of (4/v + 1)/((-6)/(-405))?
2, 3
Let d(i) = -2*i - 8. Let v be (-352)/80 + 3/(-5). Let l be d(v). Suppose 5*k + 0*k + 4*q = 18, 0 = 5*k - 4*q - l. What are the prime factors of k?
2
Let y = 248 + -119. Suppose -5*c = 2*t - 38, 4*c = -8*t + 3*t + y. List the prime factors of t.
29
Suppose 162 + 186 = x + 4*h, -5*x + 5*h = -1765. What are the prime factors of x?
2, 11
Let c = -5 + 50. Let m = -1 + c. List the prime factors of m.
2, 11
Let z(l) = 4*l**2 + 21*l + 3. Suppose 7*j - 11*j - 28 = 0. What are the prime factors of z(j)?
2, 13
What are the prime factors of (-4213 - (-1 - 6 - 0))/(-2)?
3, 701
Suppose -589 = -t - 79. What are the prime factors of t?
2, 3, 5, 17
Let m be (110/(-4))/(3/(-6)). Suppose l - 5*f = -4*l - m, -f - 7 = l. Let n = l + 39. What are the prime factors of n?
2, 3, 5
Let z = 14 - 11. Suppose 0 = 3*c - 2*i - 59 - 36, -5*c + 157 = -z*i. Let s = -16 + c. List the prime factors of s.
13
List the prime factors of -3 + -2 + 93/2*12.
7, 79
Let a = 10 + -9. Suppose 46 + a = l. What are the prime factors of l?
47
Let j(q) = 13*q**2 - 14*q + 4. Let n be j(-5). Suppose -2*g - g + n = 0. Suppose -3*m = 2*v - g - 29, -2*m = 5*v - 119. What are the prime factors of m?
2, 13
Let y = 34 + -32. Suppose 0 = -y*v + 44 - 26. List the prime factors of v.
3
Suppose 11*n = 7*n + 140. Let s = -29 + n. Suppose 0 = z + s*z - 217. What are the prime factors of z?
31
Let x be 0 - 10 - 6/(-2). What are the prime factors of 4 + 2 + x + 42?
41
Suppose -1036 = 5*q - 181. List the prime factors of -6*q/24*16/12.
3, 19
Let b(h) = 1061*h + 367. What are the prime factors of b(3)?
2, 5, 71
Let u be 2/(14/3 + -4). Suppose 3*y = 8*y - 5*w - 1040, 4*y = u*w + 830. List the prime factors of y.
2, 103
Let k = 581 + -376. List the prime factors of k.
5, 41
Let i = 91 + -61. List the prime factors of ((-12)/9)/((-62)/i - -2).
2, 5
Let l(k) = -k**2 + 23*k - 17. Let f be l(15). Let h = f + -54. List the prime factors of h.
7
Suppose -7*n + 5043 - 486 = 0. List the prime factors of n.
3, 7, 31
Let d(x) = x**3 - 11*x**2 + 14*x - 2. Let s be d(10). Suppose s*k + 572 = 42*k. List the prime factors of k.
11, 13
Suppose 0 = 5*a - 5*d - 13225, 183*a - 181*a - 5300 = -3*d. What are the prime factors of a?
2647
What are the prime factors of ((70/15)/7 - 0)*492?
2, 41
Let s be 3 + -3*4/(-12). Suppose -5*w + 4*b + 36 = -0*b, -4*b = -4*w + 32. Suppose -12 = -3*x - h, -s*h = -3*x + 1 - w. What are the prime factors of x?
3
Suppose 8*f = 5*n + 12*f - 211, -5*n - 2*f = -213. What are the prime factors of n?
43
Let d = 8 + -5. Suppose -d*f + 138 = -0*f. List the prime factors of f.
2, 23
Suppose -3*p = -19 - 11. Suppose 0 = -f - 1, j = -2*j + f + p. Suppose -5*m - 2*d = -130, 0 = -5*m - j*d - 0*d + 125. List the prime factors of m.
2, 7
Suppose -5*a = 9 - 19, 6409 = 3*q + 5*a. What are the prime factors of q?
3, 79
Suppose 67*c - 782 = -r + 68*c, -4*c = -2*r + 1558. List the prime factors of r.
5, 157
Suppose 0 = -3*f + 3. Let y be 0/(4 - 4 - f). List the prime factors of 18*(y + (-4)/(-8)).
3
Let o(a) = a**3 + 13*a**2 - 10*a - 4. Let w be o(-13). Let b = w + -62. List the prime factors of b.
2
Suppose 36585 = 12*o + 6981. What are the prime factors of o?
2467
Suppose -4*g + 927 - 139 = 0. What are the prime factors of g?
197
Suppose -5*a + 9 = -1. Suppose a*h + 111 = 5*h. What are the prime factors of h?
37
Let f = -1402 - -2377. What are the prime factors of f?
3, 5, 13
Let a be (-12)/21 + 3010/(-49). Let r = a + 345. List the prime factors of r.
283
Let t(o) be the second derivative of -17/2*o**2 - 12*o - 2*o**3 + 0. List the prime factors of t(-5).
43
Suppose -25 + 4 = -7*a. Suppose -b + 5*b - 791 = a*s, 4*s + 988 = 5*b. List the prime factors of b.
2, 5
What are the prime factors of 1/20*35*(0 - -772)?
7, 193
List the prime factors of 10688/6 + 1 + 105/(-45).
2, 5, 89
Suppose 0 = -9*o + 1970 - 494. Suppose 5*c = -4*t + 269, 3*c - o = -3*t - 2*t. What are the prime factors of c?
53
Let h = -651 - -940. What are the prime factors of h?
17
Let a be 3 - 4/12*0. Suppose -o + 3*q + 51 = 0, -5*o + a = -q - 280. What are the prime factors of o?
3, 19
Let h(f) = -49*f - 29. List the prime factors of h(-6).
5, 53
Suppose 0 = 105*w - 165*w + 242580. List the prime factors of w.
13, 311
Suppose 0 = -5*l + 17*l - 3036. List the prime factors of l.
11, 23
Suppose 3*r = 2*r - 3*r. Suppose r = -10*z + 11*z - 223. What are the prime factors of z?
223
Let n be 23 - (3 - (-3 - -3)). Let b = n + -73. List the prime factors of (-3)/(-6) + b/(-2).
3
Let a(v) = -10*v + 10. Let t be 4/(-10) + 115/(-25). Let x be a(t). What are the prime factors of x/8*80/12?
2, 5
Suppose -2*h - 5*l + 1089 = 0, -7*l = 4*h - 2*l - 2203. Suppose -93 = 4*p - h. List the prime factors of p.
2, 29
What are the prime factors of (-190)/(-570) - 33358/(-6)?
2, 5, 139
Suppose -241 = -4*z - 73. Suppose 0 = c - z - 43. Let w = 121 - c. List the prime factors of w.
2, 3
Let d(i) = i**2 - 8*i + 10. Let k be d(6). What are the prime factors of (k/4)/((-3)/258)?
43
What are the prime factors of 3*463 - (124 + -114)?
7, 197
Let m(p) be the third derivative of -p**6/120 + 2*p**5/15 - p**4/6 + p**3/6 - 11*p**2. Let g be ((-54)/(-12))/((-3)/(-4)). What are the prime factors of m(g)?
7
Let t be 4/1 - (11 - 18). Suppose -c + 30 = t. List the prime factors of c.
19
List the prime factors of 4/60 + (-34228)/(-30).
7, 163
Let h = 102 + -89. Suppose 936 = h*g - 611. What are the prime factors of g?
7, 17
Let y(x) = 2*x**2 + 14. What are the prime factors of y(6)?
2, 43
Suppose -v = 5*u - 95 - 680, -v + 776 = 4*u. What are the prime factors of v?
2, 3, 5, 13
Let x be 2/(-10) - (-7249)/(-55). Let w = -35 - x. What are the prime factors of w?
97
Let n = 163 + 148. Let a = n + -168. List the prime factors of a.
11, 13
Let t be 2/3*(-9)/2. Let q be (2 + t + 1)*1. Suppose c + q = d - 36, 77 = 2*d - 3*c. What are the prime factors of d?
31
Let c = -30 - -282. Suppose -38 + c = f. List the prime factors of f.
2, 107
Suppose -4*y + 45 = -y. Let g be 4/10 + 54/y. Let c = 32 + g. What are the prime factors of c?
2, 3
Let c(m) = -m**2 - 9*m + 6. Let w be c(-9). Suppose 0*u + 9 = 3*u, u - w = 3*p. List the prime factors of (-226)/(-6) + p/(-3).
2, 19
Let s(q) = -2*q**2 - 3*q - 11. Let f(b) = -2*b**2 - 2*b - 11. Let n(j) = 3*f(j) - 4*s(j). What are the prime factors of n(7)?
151
Let a(z) = -z**3 + z**2 - z + 18. Let j be a(0). List the prime factors of 1*-1*(-13 - j).
31
Suppose 80 - 1346 = -u. List the prime factors of u.
2, 3, 211
Let i be 12/18*(-9)/(-1). Suppose -c - 1 = -i. Suppose 4 = k + k, -93 = -c*w + k. List the prime factors of w.
19
Suppose 0 = o + 2*o + o. Suppose -710 = -5*t - 5*q - o*q, 0 = -3*t + 2*q + 421. List the prime factors of t.
3, 47
Let h be (54/(-15))/(-1) + (-8)/(-20). Suppose 0 = -9*l + h*l - 3*g + 427, l - 4*g = 90. List the prime factors of l.
2, 43
Let d be -3 + 2 + 491 + 57/19. Let a = d + -297. What are the prime factors of a?
2, 7
Let x = -2 + 5. Let h be 3/x + 2 + 0. Suppose 2*z + v = 25, 4*v = -h*z + 8*z - 95. What are the prime factors of z?
3, 5
Let s be 1 - -228 - 20/(-10). Suppose -2*h + 73 + 38 = 5*d, d - s = -4*h. List the prime factors of h.
2, 29
Suppose -5*f = 5*q, f = -q + 4*f - 8. Let j be (q/6)/((-14)/(-798)). Let u = 36 + j. List the prime factors of u.
17
Let b = 43 - 45. What are the prime factors of (b - 4*5)/(16/(-64))?
2, 11
Let d(r) = -r - 2. Let c be d(-5). Let z = 2 - 2. Suppose -3*m - 49 = -3*w + m, z = -c*w - 5*m + 13. What are the prime factors of w?
11
Let k = 132 + 21. Let f = k + -80. List the prime factors of f.
73
Let a(m) = 61*m + 22. Let c be a(-8). Let n be 2*(-1 + -1) - c. Suppose 154 = -4*q + n. List the prime factors of q.
7, 11
Suppose 1058 + 710 = 26*y. What are the prime factors of y?
